+ 2*h - 1. What is i(1)?
-33
Let b(d) = 7*d**2 - d + 6. What is b(2)?
32
Let g(r) = r**2 - 9*r + 17. Determine g(6).
-1
Let t(n) = -13*n - 164. Give t(-13).
5
Let g(b) = b**3 + b**2 - 5*b - 4. Determine g(-2).
2
Let d(o) = -16*o + 23. Give d(-7).
135
Let u(n) = n**2 - 13*n + 27. What is u(10)?
-3
Let c(i) = 11*i**2 - 12*i + 10. Determine c(1).
9
Let p(z) = -9*z + 58. What is p(6)?
4
Let f(z) = -z**2 + 19*z - 90. What is f(9)?
0
Let n(v) = -19*v**3 - 51*v**2 + 6. Calculate n(-3).
60
Let x(c) = -18*c - 154. Calculate x(-8).
-10
Let i(n) = 13*n + 6. Give i(4).
58
Let b(n) = 9*n - 2. Give b(-2).
-20
Let j(y) = -y**3 - 3*y**2 + 4*y + 3. Give j(-4).
3
Let k(t) = -t**2 + 110. What is k(-9)?
29
Let f(w) = w**3 - 21*w**2 + 20*w - 6. Give f(20).
-6
Let r(s) = s**3 + 26*s**2 - 30*s - 32. Calculate r(-27).
49
Let o(s) = 3*s**2 + 13*s - 16. What is o(-7)?
40
Let j(z) = -z**2 - 3*z + 4. Calculate j(0).
4
Let g(j) = -j**3 + j + 13. Give g(-3).
37
Let t(m) = 11*m + 2. What is t(-7)?
-75
Let l(s) = -4*s + 14. Give l(-3).
26
Let a(h) = h**3 - 14*h**2 + h - 9. What is a(14)?
5
Let d(v) = v**2 + 2*v + 56. Determine d(0).
56
Let u(g) = -3*g + 93. Calculate u(28).
9
Let o(f) = 14*f - 4. Determine o(-7).
-102
Let w(q) = 22*q + 816. Determine w(-37).
2
Let o(u) = -u**3 + 14*u**2 - 23*u - 21. Determine o(12).
-9
Let v(r) = 3*r + 3. Give v(3).
12
Let t(s) = s**2 - 13*s + 20. Determine t(4).
-16
Let y(v) = 5*v**2 - 2*v + 1. Calculate y(3).
40
Let d(q) = -q**2 + 15*q - 38. Calculate d(13).
-12
Let n(h) = -h + 24. Calculate n(-19).
43
Let j(t) = 14*t**2 - 2. What is j(-2)?
54
Let g(n) = 2*n**2 - 4*n - 17. Calculate g(7).
53
Let v(l) = 2*l**3 - 16*l**2 - 15*l - 26. Calculate v(9).
1
Let s(t) = t**2 - 20*t + 19. Calculate s(18).
-17
Let g(b) = -b**2 - b + 27. Give g(-9).
-45
Let m(u) = -161*u**2 + 3*u + 1. Calculate m(1).
-157
Let s(i) = i**2 - 11*i + 11. What is s(11)?
11
Let y(j) = -j**2 - j + 9. Calculate y(8).
-63
Let w(g) = 22*g - 88. Give w(4).
0
Let j(b) = -2*b**2 - b - 4. Determine j(-2).
-10
Let x(y) = 22*y - 152. Calculate x(6).
-20
Let q(t) = -2*t**2 + 24*t + 19. Give q(12).
19
Let r(l) = -9*l**3 - 2*l**2 - l - 3. Determine r(-2).
63
Let k(f) = -f**2 + 10*f + 113. Give k(17).
-6
Let s(h) = -35*h + 3. What is s(-2)?
73
Let m(l) = -21*l + 5. Determine m(6).
-121
Let v(s) = s**3 + 15*s**2 + 11*s + 12. What is v(-14)?
54
Let k(i) = 2*i**3 - 14*i**2 + 7*i - 10. Give k(6).
-40
Let v(u) = u**2 + 9*u + 22. Determine v(-4).
2
Let c(o) = -o**3 - 4*o**2 - 5*o - 4. Give c(-4).
16
Let i(m) = 2*m**2 + 6*m - 6. What is i(-5)?
14
Let w(d) = -d**3 - 20*d**2 - 20*d - 23. Give w(-19).
-4
Let p(x) = 2*x**2 - 16*x - 18. Determine p(9).
0
Let v(w) = -7*w + 12. Give v(-3).
33
Let k(l) = -l**3 - 5*l**2 - 3*l + 2. What is k(-5)?
17
Let n(x) = x**2 + 10*x - 20. What is n(-11)?
-9
Let r(o) = o**3 - 10*o**2 + 8*o - 2. What is r(9)?
-11
Let v(s) = s**2 + 11*s + 20. Give v(-9).
2
Let w(z) = -2*z + 28. What is w(16)?
-4
Let s(z) = -z**3 - 18*z**2 + 9*z - 184. Determine s(-19).
6
Let u(d) = d**3 - 8*d**2 + 2*d + 1. Calculate u(8).
17
Let l(f) = f**3 - 38*f**2 + f - 57. Give l(38).
-19
Let o(s) = 55*s + 1374. Calculate o(-25).
-1
Let a(o) = -33*o - 81. Calculate a(-3).
18
Let v(b) = -b**2 + 26*b - 44. Calculate v(24).
4
Let d(n) = n**2 + 11*n - 8. Give d(-11).
-8
Let b(s) = 4*s**2 + 5*s + 2. Determine b(-3).
23
Let c(a) = 26*a + 109. What is c(0)?
109
Let g(t) = t**3 + 15*t**2 + 13*t - 11. Determine g(-14).
3
Let f(i) = -i**3 - 20*i**2 + 10. Determine f(-20).
10
Let s(c) = -c**3 - c**2 + c - 6. Give s(0).
-6
Let t(r) = -r**2 - 8*r - 5. Determine t(-5).
10
Let r(t) = -t**3 + 8*t**2 - 16*t - 4. Give r(5).
-9
Let k(j) = 20*j**2 - 8*j + 2. Determine k(2).
66
Let h(i) = -3*i + 6. Determine h(-5).
21
Let h(d) = -d**2 - 3*d - 6. Give h(-3).
-6
Let s(a) = 18*a + 113. Give s(-6).
5
Let b(m) = -8*m**2 - 21*m - 10. Calculate b(-3).
-19
Let h(d) = -d**2 + 3*d + 1. What is h(-1)?
-3
Let k(s) = -5*s - 157. Give k(-31).
-2
Let k(v) = -v**2 + 6*v + 6. What is k(8)?
-10
Let x(f) = 4*f - 18. Calculate x(6).
6
Let l(v) = -v**2 - 4*v - 30. Give l(-4).
-30
Let k(n) = -n**2 - n - 1. Determine k(1).
-3
Let k(t) = 47*t + 16. Calculate k(3).
157
Let r(w) = -2*w**2 + 5*w - 2. Calculate r(5).
-27
Let v(p) = p**3 + 4*p**2 - 22*p - 15. Determine v(-7).
-8
Let k(z) = -2*z - 14. Give k(-6).
-2
Let b(s) = -15*s - 5. Give b(0).
-5
Let v(l) = -35*l - 9. Determine v(-2).
61
Let w(l) = -2*l**3 + 9*l**2 - 14. Determine w(4).
2
Let r(x) = 8*x**3 + 3*x**2 + 2*x + 1. What is r(-1)?
-6
Let m(h) = -5*h**2 - 32. Calculate m(5).
-157
Let j(v) = -2*v**2 - 3*v. What is j(-3)?
-9
Let d(r) = r + 27. Give d(-14).
13
Let s(c) = c**2 + 9*c - 8. Determine s(-10).
2
Let x(g) = -4*g**3 - 2*g**2 + g - 2. Give x(-3).
85
Let f(s) = -12*s - 158. Determine f(-14).
10
Let k(l) = -l**2 + 4*l - 10. Calculate k(0).
-10
Let h(w) = -4*w**2 + 3*w + 5. What is h(-2)?
-17
Let l(p) = -p**2 - 16*p + 30. Give l(-17).
13
Let v(x) = -x**3 - 8*x**2 - 7*x + 6. Calculate v(-7).
6
Let f(t) = -t**3 + 12*t**2 - 9*t - 35. What is f(11)?
-13
Let z(w) = -w**2 + 30*w - 57. Calculate z(28).
-1
Let f(h) = -2*h**2 + 2*h + 9. What is f(4)?
-15
Let r(u) = 18*u**2 - 4*u - 7. Calculate r(-2).
73
Let f(p) = p - 13. Give f(4).
-9
Let k(l) = -8*l + 23. What is k(4)?
-9
Let t(z) = 4*z**2 + 4*z - 4. Calculate t(-2).
4
Let f(n) = -n**3 + 6*n**2 - 8*n - 8. Give f(7).
-113
Let n(k) = 3*k + 32. Determine n(-7).
11
Let v(j) = -2*j**2 - 18*j - 12. Calculate v(-8).
4
Let f(k) = -10*k**2 - 4*k + 2. Give f(1).
-12
Let r(x) = -19*x**3 - 2*x**2 - 2*x - 1. Calculate r(-1).
18
Let w(a) = 9*a - 2. Determine w(-6).
-56
Let c(k) = k**3 + 36*k**2 - 82*k - 234. Give c(-38).
-6
Let s(a) = a - 1. What is s(11)?
10
Let q(o) = -o**3 - 5*o**2 - 3. What is q(-6)?
33
Let s(h) = h**2 + 5*h - 44. What is s(-10)?
6
Let h(b) = 2*b + 23. What is h(-12)?
-1
Let x(q) = -q**3 - 9*q**2 - 8*q + 1. What is x(-8)?
1
Let u(b) = -2*b**2 + 81*b + 121. Determine u(42).
-5
Let z(m) = -10*m**2 - 9*m + 24. Determine z(2).
-34
Let t(f) = 60*f**2 + 2*f - 4. Calculate t(1).
58
Let w(d) = -d**3 + 11*d**2 - 12*d + 5. Determine w(11).
-127
Let c(v) = 2*v**2 + 2*v - 36. Determine c(-6).
24
Let k(q) = -q**3 + 11*q**2 + 10. Calculate k(5).
160
Let c(s) = 4*s - 2. Determine c(-3).
-14
Let g(f) = f**3 - 20*f**2 + 22*f - 52. Give g(19).
5
Let u(o) = o - 106. Determine u(0).
-106
Let k(h) = -h**2 + 3*h + 39. What is k(9)?
-15
Let s(d) = -d**3 + 5*d - 5. What is s(2)?
-3
Let j(i) = 2*i**3 - 5*i**2 - 3*i - 11. What is j(5)?
99
Let d(c) = -4*c**2 - c - 1. Determine d(-3).
-34
Let p(u) = u**2 + 6*u + 6. Calculate p(-2).
-2
Let p(x) = x**3 + 9*x**2 + 18*x - 3. What is p(-5)?
7
Let j(o) = o**3 - 4*o**2 - 7*o + 2. Calculate j(6).
32
Let c(n) = 4*n + 13. Determine c(-3).
1
Let u(v) = v**3 - 9*v**2 - 7*v - 15. Give u(10).
15
Let t(b) = -b**3 + 2*b**2 + 32*b + 1. Determine t(-5).
16
Let d(q) = 9*q**3 + q. Calculate d(1).
10
Let b(n) = -n**3 - 7*n**2 + 8*n - 2. Calculate b(-8).
-2
Let v(i) = -i + 19. Determine v(15).
4
Let r(q) = 7*q + 22. Determine r(-4).
-6
Let j(n) = n**3 - 25*n**2 - 27*n + 37. What is j(26)?
11
Let l(y) = 9*y**3 - 1. What is l(-1)?
-10
Let n(z) = z**2 + 19*z - 42. What is n(-21)?
0
Let j(o) = 24*o**3 + o**2 + 2*o. Determine j(-1).
-25
Let r(l) = -17*l - 46. Determine r(-4).
22
Let t(p) = p**2 - 3*p - 4. Give t(6).
14
Let f(a) = 12*a + 17. Determine f(-4).
-31
Let x(b) = -8*b - 66. Give x(-14).
46
Let r(a) = -3*a**2 + 6*a - 4. Determine r(4).
-28
Let r(j) = -11*j + 95. Determine r(9).
-4
Let q(p) = -5*p - 6. Determine q(-8).
34
Let b(u) = 12*u**3 - 3*u**2 - 16*u - 3. Give b(-2).
-79
Let v(w) = -w**3 + 7*w**2 - 10*w + 18. Give v(6).
-6
Let w(s) = -s**3 - 5*s**2 + 2*s. What is w(-5)?
-10
Let n(s) = -2*s**2 + 9*s - 8. Give n(5).
-13
Let v(h) = -h**3 + 11*h**2 + 5*h + 39. Calculate v(12).
-45
Let v(x) = -2*x + 2. What is v(4)?
-6
Let g(k) = -k + 105. Calculate g(25).
80
Let f(b) = b + 9. Determine f(-11).
-2
Let t(j) = j**3 - 10*j**2 + 4*j + 22. What is t(9)?
-23
Let o(d) = -4*d + 30. Calculate o(6).
6
Let o(c) = 3*c + 8. Determine o(6).
26
Let r(g) = -g**2 + 5*g + 10. Calculate r(10).
-40
Let m(y) = -y**2 - 6*y + 1. Calculate m(-6).
1
Let p(d) = d**3 - 8*d**2 + 5*d + 4. Determine p(7).
-10
Let t(m) = -m**3 + 9*m**2 - m - 3. Give t(9)